 divided by s.
19
Let f(w) = 410*w + 3701. Calculate the remainder when 5587 is divided by f(-9).
10
Let y(v) = v**2 + 24*v + 110. Let c be y(-18). Let x(d) = d**3 + 7*d**2 - 4*d + 5. Calculate the remainder when 75 is divided by x(c).
9
Suppose 0 = -8*a + 17*a - 1476. Suppose 0 = -i + 5*i - 16. Suppose 0 = -6*d + i + a. What is the remainder when 110 is divided by d?
26
What is the remainder when 5/((-390)/(-18187))*6 is divided by 4?
3
Suppose 0 = -2*s - 0*g + 5*g + 99, 0 = -2*g - 6. What is the remainder when 1508 is divided by s?
38
Let o(n) = -19*n**2 + 9*n - 12. Let z be o(2). Let f = z + 91. Suppose v - 112 = -3*b, -17 = -5*b - v + 173. Calculate the remainder when b is divided by f.
18
Suppose 3969*p - 3540*p - 44187 = 0. Suppose 0 = -3*b + 4*n - 4 + 5, -n = 5*b - 17. Calculate the remainder when p is divided by b.
1
Let g(s) = -6 + 8*s + 4 - 12*s - 4. Calculate the remainder when 213 is divided by g(-7).
15
Suppose -164 = -2*p + 122. Suppose -y = 5*f - 82, -5*y + 221 = -2076*f + 2080*f. What is the remainder when p is divided by y?
32
Suppose f = -3*f + 52. Let k be (2/4)/(14 - f)*-32. Calculate the remainder when -3*2/4*k is divided by 15.
9
What is the remainder when (-1 + (-12)/8)/((-19)/2242) is divided by 94?
13
Let s(x) = x**3 - 10*x**2 + 18*x - 11. Suppose -1 - 1 = -r - 3*l, -5*r + 34 = 3*l. Let u(a) = -5*a - 71. What is the remainder when u(-16) is divided by s(r)?
4
Let a(s) = -11*s - 467. Calculate the remainder when a(-54) is divided by 6 + -2*46/(-4).
11
Let k(c) = 503*c + 1680. Calculate the remainder when 671 is divided by k(-3).
158
Let g(h) = -2*h**3 - 36*h**2 - 43*h + 88. Calculate the remainder when g(-21) is divided by 107.
106
Suppose -12 = -3*n + 3. Suppose -4 = 2*w - 4*p, 16 = n*w - 2*p - 6. Suppose 10*z - 47 = -r + 6*z, 86 = 3*r + z. What is the remainder when r is divided by w?
3
Suppose 44*z - 51265 = -14*z + 65. Calculate the remainder when z is divided by 37.
34
Let m(s) be the second derivative of 3 - 13/2*s**2 + 10/3*s**3 - 3*s. Calculate the remainder when 198 is divided by m(4).
64
Let p = -9752 + 9792. What is the remainder when p is divided by 23?
17
Let l(t) = t**3 + 5*t**2 - t - 5. Let n be l(-4). Suppose -s = n*s - 256. Calculate the remainder when s is divided by 12.
4
Let k(l) = -6*l + 6. Let m be 3*6/(-108) - (-2668)/24. Suppose 16*n + m - 319 = 0. What is the remainder when k(-5) is divided by n?
10
Let h(n) = -4*n. Suppose -2*l = 5*t - 5 - 5, -5*l - 5*t = -85. What is the remainder when h(-10) is divided by l?
15
Let q(r) = -16*r - 2. Let y(j) = -15*j - 2. Let w(t) = -4*q(t) + 5*y(t). What is the remainder when 24 is divided by w(-1)?
6
Suppose 3*b = 3*o + 6690, 0 = -357*b + 362*b - o - 11130. Calculate the remainder when b is divided by 18.
11
Let v(y) = 22*y + 5. Let x(o) = -14*o - 11*o + o + 2*o - 6. Let t(f) = 7*v(f) + 6*x(f). Calculate the remainder when t(3) is divided by 23.
19
Let u(b) = 14*b**2 - 121*b - 58. What is the remainder when u(12) is divided by 104?
90
What is the remainder when -5479*(-6 + (-5)/(-1)) + 18 + -22 is divided by 22?
19
Let t(p) = 59*p - 526. What is the remainder when 162 + 2 + 1 + -1 is divided by t(9)?
4
Suppose -19937 = -5*p - z, -4*z - 2111 = -p + 1847. What is the remainder when 3989 is divided by p?
3
Let x = 795 + -667. Let r = 44 + x. Calculate the remainder when r is divided by 22.
18
Let l(d) = 65*d - 68*d + 0*d**2 - 5 + d**2. Suppose x = -5*s + 26, -2*x - x = 3*s - 6. Calculate the remainder when 47 is divided by l(s).
8
Suppose -9*s - 236 = -209. Calculate the remainder when 135 + -5 + s - -7 is divided by 34.
32
Let o(s) = -s**3 + 8*s**2 - 10*s - 22. Let f be o(5). Suppose -f*i = -3*d + 681, -19*d + 470 = -17*d + 2*i. What is the remainder when d is divided by 78?
75
Let n(i) = -i. Let u(w) = 2*w + 57. Let z(l) = -36*n(l) - 4*u(l). What is the remainder when z(10) is divided by (-1)/(-3)*0 + 9?
7
What is the remainder when (15 - 160/10)*-1895 is divided by 146?
143
Let o(c) = -2510*c - 14885. Calculate the remainder when 798 is divided by o(-6).
98
What is the remainder when 17 is divided by 8/(-76) + (5478/38)/11?
4
Let i = -458 - -470. Calculate the remainder when 1679 is divided by i.
11
Suppose 41 + 13 = 3*c. Suppose -148*q + 564 = -537 - 231. What is the remainder when c is divided by q?
0
Let v(w) = -7*w - 4. Let a = 10 - 12. Calculate the remainder when v(a) is divided by 20 + 3 + -28 + (-7)/(-2)*2.
0
Let a = -50 + 52. Let y(s) = -4 + 76*s + a - 77*s. What is the remainder when 12 is divided by y(-9)?
5
Suppose -94*w - 28 = -h - 99*w, 0 = 5*w + 10. Calculate the remainder when 245 is divided by h.
17
Let i(h) = h**2 - 14*h - 20. Let q be i(17). Suppose 0 = 24*f - q*f + 1316. What is the remainder when f is divided by 64?
60
Let o = 552 - 352. Let v = -122 + o. Let k(z) = 278*z - 6076. Calculate the remainder when v is divided by k(22).
38
Let t = 951 - 824. Suppose 5*a - 2*r - 75 = -0*r, 4*a + 3*r = 37. What is the remainder when t is divided by a?
10
Suppose -14*n + 18*n + 3*z - 585 = 0, -3*n = 2*z - 439. What is the remainder when 4849 is divided by n?
145
Let x = 2480 + -2046. What is the remainder when x is divided by 75?
59
Let m = 3218 - 3153. Calculate the remainder when 100 is divided by m.
35
Suppose -57 + 6 = -3*u. Calculate the remainder when ((-438)/15)/(u/(-85)) is divided by 21.
20
Let m be (12/(-10))/(1/(-5)). Suppose 0 = -5*d + 4*o + 25, -114*d + 5*o - 16 = -113*d. Suppose d = 3*a - m. Calculate the remainder when 22 is divided by a.
2
Let j = -18 - -12. Let q(i) = -i + 4. Let p be q(j). Suppose 0 = -p*o + 7*o + 72. Calculate the remainder when o is divided by 7.
3
Let y = -4210 - -4317. What is the remainder when y is divided by 34?
5
Let v(c) = -60*c + 3159. What is the remainder when v(44) is divided by 40?
39
Let n be 24/((4 + -2)/2). Suppose 13*f = n*f - 297. What is the remainder when 76 is divided by f?
22
Let x(c) = -16*c + 857. Let w(u) = 2*u**3 - 6*u**2 - 6*u - 12. What is the remainder when w(6) is divided by x(53)?
6
Suppose -34*s - 176 = -77*s + 6231. What is the remainder when s is divided by 59?
31
Suppose -406 = -2*l - 2*z + 50, 0 = 5*z - 10. Suppose 47 - 2 = 3*r. Calculate the remainder when l/8 - 1/4 is divided by r.
13
Let d(u) = 3*u**2 + 15*u - 17. Let z be d(-7). Let j(l) = -24*l - 23*l - l**3 - 5 + z*l + 14*l**2. Calculate the remainder when j(12) is divided by 14.
5
Let q = 26 + -24. Suppose 13*k - 156 = 15*k. Calculate the remainder when 119 is divided by q/4 - k/4.
19
Suppose -1037 + 668 = -24*m + 4167. What is the remainder when m is divided by 13?
7
Let u(d) = -3*d**2 - 379*d - 29. What is the remainder when u(-117) is divided by 79?
8
Let z(f) = -f**3 + 11*f**2 - 12*f + 21. Let j be z(10). Calculate the remainder when 279 is divided by (3 - 1)/j*7.
13
Suppose -5*x + 717 + 93 = 0. Suppose 6335 = 37*s + 5706. Calculate the remainder when x is divided by s.
9
Suppose 0 = 2*x + 3*x - 15. Suppose 17 = x*f - 10. Calculate the remainder when 54 is divided by -6*(-4 - (-15)/f).
12
Suppose -4*n - y + 46 = y, n + 4*y - 15 = 0. Let q = -34 - -107. Let b = q + -65. Calculate the remainder when n is divided by b.
3
Let r = 7622 + -7396. What is the remainder when 511 is divided by r?
59
Calculate the remainder when 235612/40 + ((-6)/10 - 24/(-80)) is divided by 3.
1
Suppose -4*g - 116 = -4*r, 3*g - 21 = -3*r + 42. What is the remainder when 1547 is divided by r?
22
Let j = 22 - 15. Suppose 5*s = -89 + 79. Calculate the remainder when j is divided by (-6)/s*(-19 - -20).
1
Let s = 1728 - 1722. Calculate the remainder when 352 is divided by s.
4
Suppose -973 + 2917 = 2*a. Let r = -3787 - -3791. Suppose 8*f - r*f = a. Calculate the remainder when f is divided by 49.
47
Let k(b) = 8*b - 174. Let m be k(22). Suppose 4*p - 18 - 8 = -m*v, -54 = -5*v + p. Calculate the remainder when 239 is divided by v.
8
Let z = 10791 + -10548. Calculate the remainder when 525 is divided by z.
39
Let g(b) = -b**3 + 13*b**2 - 15*b + 10. Let w be g(12). Let l = w + 51. What is the remainder when -1 + 45/(-5) + 159 is divided by l?
24
Suppose 0 = -13*n - 143 - 26. What is the remainder when 796 + 2 - (-20 - n) is divided by 26?
25
Let l = 15612 + -15556. What is the remainder when 3751 is divided by l?
55
Let k(d) = d**2 - 9*d + 27. 